{"id":3038,"date":"2024-05-24T01:50:37","date_gmt":"2024-05-24T04:50:37","guid":{"rendered":"https:\/\/padi.org.br\/?post_type=comissao&#038;p=3038"},"modified":"2025-08-07T11:23:33","modified_gmt":"2025-08-07T14:23:33","slug":"coordenadora-dra-maria-fernanda-arruda-almeida","status":"publish","type":"comissao","link":"https:\/\/padi.org.br\/en\/comissao\/coordenadora-dra-maria-fernanda-arruda-almeida\/","title":{"rendered":"COORDINATOR Dr. Maria Fernanda Arruda Almeida"},"template":"","especialidades":[16],"class_list":["post-3038","comissao","type-comissao","status-publish","hentry","especialidades-radiologia-intervencionista"],"acf":[],"yoast_head":"<!-- This site is optimized with the Yoast SEO plugin v25.9 - https:\/\/yoast.com\/wordpress\/plugins\/seo\/ -->\n<title>Dra. Maria Fernanda Arruda Almeida<\/title>\n<meta name=\"description\" content=\"A Dra. Maria Fernanda Arruda \u00e9 coordenadora da Radiologia Intervencionista do Programa de Acredita\u00e7\u00e3o em Diagn\u00f3stico por Imagem (Padi).\" \/>\n<meta name=\"robots\" content=\"index, follow, max-snippet:-1, max-image-preview:large, max-video-preview:-1\" \/>\n<link rel=\"canonical\" href=\"https:\/\/padi.org.br\/en\/comissao\/coordenadora-dra-maria-fernanda-arruda-almeida\/\" \/>\n<meta property=\"og:locale\" content=\"en_US\" \/>\n<meta property=\"og:type\" content=\"article\" \/>\n<meta property=\"og:title\" content=\"Dra. Maria Fernanda Arruda Almeida\" \/>\n<meta property=\"og:description\" content=\"A Dra. Maria Fernanda Arruda \u00e9 coordenadora da Radiologia Intervencionista do Programa de Acredita\u00e7\u00e3o em Diagn\u00f3stico por Imagem (Padi).\" \/>\n<meta property=\"og:url\" content=\"https:\/\/padi.org.br\/en\/comissao\/coordenadora-dra-maria-fernanda-arruda-almeida\/\" \/>\n<meta property=\"og:site_name\" content=\"Padi\" \/>\n<meta property=\"article:modified_time\" content=\"2025-08-07T14:23:33+00:00\" \/>\n<meta name=\"twitter:card\" content=\"summary_large_image\" \/>\n<script type=\"application\/ld+json\" class=\"yoast-schema-graph\">{\"@context\":\"https:\/\/schema.org\",\"@graph\":[{\"@type\":\"WebPage\",\"@id\":\"https:\/\/padi.org.br\/comissao\/coordenadora-dra-maria-fernanda-arruda-almeida\/\",\"url\":\"https:\/\/padi.org.br\/comissao\/coordenadora-dra-maria-fernanda-arruda-almeida\/\",\"name\":\"Dra. Maria Fernanda Arruda Almeida\",\"isPartOf\":{\"@id\":\"https:\/\/padi.org.br\/#website\"},\"datePublished\":\"2024-05-24T04:50:37+00:00\",\"dateModified\":\"2025-08-07T14:23:33+00:00\",\"description\":\"A Dra. Maria Fernanda Arruda \u00e9 coordenadora da Radiologia Intervencionista do Programa de Acredita\u00e7\u00e3o em Diagn\u00f3stico por Imagem (Padi).\",\"breadcrumb\":{\"@id\":\"https:\/\/padi.org.br\/comissao\/coordenadora-dra-maria-fernanda-arruda-almeida\/#breadcrumb\"},\"inLanguage\":\"en-US\",\"potentialAction\":[{\"@type\":\"ReadAction\",\"target\":[\"https:\/\/padi.org.br\/comissao\/coordenadora-dra-maria-fernanda-arruda-almeida\/\"]}]},{\"@type\":\"BreadcrumbList\",\"@id\":\"https:\/\/padi.org.br\/comissao\/coordenadora-dra-maria-fernanda-arruda-almeida\/#breadcrumb\",\"itemListElement\":[{\"@type\":\"ListItem\",\"position\":1,\"name\":\"In\u00edcio\",\"item\":\"https:\/\/padi.org.br\/\"},{\"@type\":\"ListItem\",\"position\":2,\"name\":\"Comiss\u00e3o\",\"item\":\"https:\/\/padi.org.br\/comissao\/\"},{\"@type\":\"ListItem\",\"position\":3,\"name\":\"COORDENADORA Dra. Maria Fernanda Arruda Almeida\"}]},{\"@type\":\"WebSite\",\"@id\":\"https:\/\/padi.org.br\/#website\",\"url\":\"https:\/\/padi.org.br\/\",\"name\":\"Padi\",\"description\":\"\",\"potentialAction\":[{\"@type\":\"SearchAction\",\"target\":{\"@type\":\"EntryPoint\",\"urlTemplate\":\"https:\/\/padi.org.br\/?s={search_term_string}\"},\"query-input\":{\"@type\":\"PropertyValueSpecification\",\"valueRequired\":true,\"valueName\":\"search_term_string\"}}],\"inLanguage\":\"en-US\"}]}<\/script>\n<!-- \/ Yoast SEO plugin. -->","yoast_head_json":{"title":"Dra. Maria Fernanda Arruda Almeida","description":"A Dra. Maria Fernanda Arruda \u00e9 coordenadora da Radiologia Intervencionista do Programa de Acredita\u00e7\u00e3o em Diagn\u00f3stico por Imagem (Padi).","robots":{"index":"index","follow":"follow","max-snippet":"max-snippet:-1","max-image-preview":"max-image-preview:large","max-video-preview":"max-video-preview:-1"},"canonical":"https:\/\/padi.org.br\/en\/comissao\/coordenadora-dra-maria-fernanda-arruda-almeida\/","og_locale":"en_US","og_type":"article","og_title":"Dra. Maria Fernanda Arruda Almeida","og_description":"A Dra. Maria Fernanda Arruda \u00e9 coordenadora da Radiologia Intervencionista do Programa de Acredita\u00e7\u00e3o em Diagn\u00f3stico por Imagem (Padi).","og_url":"https:\/\/padi.org.br\/en\/comissao\/coordenadora-dra-maria-fernanda-arruda-almeida\/","og_site_name":"Padi","article_modified_time":"2025-08-07T14:23:33+00:00","twitter_card":"summary_large_image","schema":{"@context":"https:\/\/schema.org","@graph":[{"@type":"WebPage","@id":"https:\/\/padi.org.br\/comissao\/coordenadora-dra-maria-fernanda-arruda-almeida\/","url":"https:\/\/padi.org.br\/comissao\/coordenadora-dra-maria-fernanda-arruda-almeida\/","name":"Dra. Maria Fernanda Arruda Almeida","isPartOf":{"@id":"https:\/\/padi.org.br\/#website"},"datePublished":"2024-05-24T04:50:37+00:00","dateModified":"2025-08-07T14:23:33+00:00","description":"A Dra. Maria Fernanda Arruda \u00e9 coordenadora da Radiologia Intervencionista do Programa de Acredita\u00e7\u00e3o em Diagn\u00f3stico por Imagem (Padi).","breadcrumb":{"@id":"https:\/\/padi.org.br\/comissao\/coordenadora-dra-maria-fernanda-arruda-almeida\/#breadcrumb"},"inLanguage":"en-US","potentialAction":[{"@type":"ReadAction","target":["https:\/\/padi.org.br\/comissao\/coordenadora-dra-maria-fernanda-arruda-almeida\/"]}]},{"@type":"BreadcrumbList","@id":"https:\/\/padi.org.br\/comissao\/coordenadora-dra-maria-fernanda-arruda-almeida\/#breadcrumb","itemListElement":[{"@type":"ListItem","position":1,"name":"In\u00edcio","item":"https:\/\/padi.org.br\/"},{"@type":"ListItem","position":2,"name":"Comiss\u00e3o","item":"https:\/\/padi.org.br\/comissao\/"},{"@type":"ListItem","position":3,"name":"COORDENADORA Dra. Maria Fernanda Arruda Almeida"}]},{"@type":"WebSite","@id":"https:\/\/padi.org.br\/#website","url":"https:\/\/padi.org.br\/","name":"Padi","description":"","potentialAction":[{"@type":"SearchAction","target":{"@type":"EntryPoint","urlTemplate":"https:\/\/padi.org.br\/?s={search_term_string}"},"query-input":{"@type":"PropertyValueSpecification","valueRequired":true,"valueName":"search_term_string"}}],"inLanguage":"en-US"}]}},"_links":{"self":[{"href":"https:\/\/padi.org.br\/en\/wp-json\/wp\/v2\/comissao\/3038","targetHints":{"allow":["GET"]}}],"collection":[{"href":"https:\/\/padi.org.br\/en\/wp-json\/wp\/v2\/comissao"}],"about":[{"href":"https:\/\/padi.org.br\/en\/wp-json\/wp\/v2\/types\/comissao"}],"wp:attachment":[{"href":"https:\/\/padi.org.br\/en\/wp-json\/wp\/v2\/media?parent=3038"}],"wp:term":[{"taxonomy":"especialidades","embeddable":true,"href":"https:\/\/padi.org.br\/en\/wp-json\/wp\/v2\/especialidades?post=3038"}],"curies":[{"name":"wp","href":"https:\/\/api.w.org\/{rel}","templated":true}]}}

<!-- This site is optimized with the Yoast SEO plugin v25.9 - https://yoast.com/wordpress/plugins/seo/ -->
<title>Dra. Maria Fernanda Arruda Almeida</title>
<meta name="description" content="A Dra. Maria Fernanda Arruda é coordenadora da Radiologia Intervencionista do Programa de Acreditação em Diagnóstico por Imagem (Padi)." />
<meta name="robots" content="index, follow, max-snippet:-1, max-image-preview:large, max-video-preview:-1" />
<link rel="canonical" href="https://padi.org.br/en/comissao/coordenadora-dra-maria-fernanda-arruda-almeida/" />
<meta property="og:locale" content="en_US" />
<meta property="og:type" content="article" />
<meta property="og:title" content="Dra. Maria Fernanda Arruda Almeida" />
<meta property="og:description" content="A Dra. Maria Fernanda Arruda é coordenadora da Radiologia Intervencionista do Programa de Acreditação em Diagnóstico por Imagem (Padi)." />
<meta property="og:url" content="https://padi.org.br/en/comissao/coordenadora-dra-maria-fernanda-arruda-almeida/" />
<meta property="og:site_name" content="Padi" />
<meta property="article:modified_time" content="2025-08-07T14:23:33+00:00" />
<meta name="twitter:card" content="summary_large_image" />
<script type="application/ld+json" class="yoast-schema-graph">{"@context":"https://schema.org","@graph":[{"@type":"WebPage","@id":"https://padi.org.br/comissao/coordenadora-dra-maria-fernanda-arruda-almeida/","url":"https://padi.org.br/comissao/coordenadora-dra-maria-fernanda-arruda-almeida/","name":"Dra. Maria Fernanda Arruda Almeida","isPartOf":{"@id":"https://padi.org.br/#website"},"datePublished":"2024-05-24T04:50:37+00:00","dateModified":"2025-08-07T14:23:33+00:00","description":"A Dra. Maria Fernanda Arruda é coordenadora da Radiologia Intervencionista do Programa de Acreditação em Diagnóstico por Imagem (Padi).","breadcrumb":{"@id":"https://padi.org.br/comissao/coordenadora-dra-maria-fernanda-arruda-almeida/#breadcrumb"},"inLanguage":"en-US","potentialAction":[{"@type":"ReadAction","target":["https://padi.org.br/comissao/coordenadora-dra-maria-fernanda-arruda-almeida/"]}]},{"@type":"BreadcrumbList","@id":"https://padi.org.br/comissao/coordenadora-dra-maria-fernanda-arruda-almeida/#breadcrumb","itemListElement":[{"@type":"ListItem","position":1,"name":"Início","item":"https://padi.org.br/"},{"@type":"ListItem","position":2,"name":"Comissão","item":"https://padi.org.br/comissao/"},{"@type":"ListItem","position":3,"name":"COORDENADORA Dra. Maria Fernanda Arruda Almeida"}]},{"@type":"WebSite","@id":"https://padi.org.br/#website","url":"https://padi.org.br/","name":"Padi","description":"","potentialAction":[{"@type":"SearchAction","target":{"@type":"EntryPoint","urlTemplate":"https://padi.org.br/?s={search_term_string}"},"query-input":{"@type":"PropertyValueSpecification","valueRequired":true,"valueName":"search_term_string"}}],"inLanguage":"en-US"}]}</script>
<!-- / Yoast SEO plugin. -->

A Dra. Maria Fernanda Arruda é coordenadora da Radiologia Intervencionista do Programa de Acreditação em Diagnóstico por Imagem (Padi).

Início

Comissão
