{"id":3036,"date":"2025-07-10T10:37:43","date_gmt":"2025-07-10T13:37:43","guid":{"rendered":"https:\/\/padi.org.br\/?post_type=comissao&#038;p=3036"},"modified":"2025-07-10T10:38:47","modified_gmt":"2025-07-10T13:38:47","slug":"dr-marcelo-dutra","status":"publish","type":"comissao","link":"https:\/\/padi.org.br\/en\/comissao\/dr-marcelo-dutra\/","title":{"rendered":"Dr. Marcelo Dutra"},"template":"","especialidades":[8],"class_list":["post-3036","comissao","type-comissao","status-publish","hentry","especialidades-ultrassonografia"],"acf":[],"yoast_head":"<!-- This site is optimized with the Yoast SEO plugin v25.9 - https:\/\/yoast.com\/wordpress\/plugins\/seo\/ -->\n<title>Dr. Marcelo Dutra - Padi<\/title>\n<meta name=\"description\" content=\"Dr. Marcelo Dutra atua no comiss\u00e3o de avalia\u00e7\u00e3o de exames de ultrassonografia do Programa de Acredita\u00e7\u00e3o em Diagn\u00f3stico por Imagem (Padi).\" \/>\n<meta name=\"robots\" content=\"index, follow, max-snippet:-1, max-image-preview:large, max-video-preview:-1\" \/>\n<link rel=\"canonical\" href=\"https:\/\/padi.org.br\/en\/comissao\/dr-marcelo-dutra\/\" \/>\n<meta property=\"og:locale\" content=\"en_US\" \/>\n<meta property=\"og:type\" content=\"article\" \/>\n<meta property=\"og:title\" content=\"Dr. Marcelo Dutra - Padi\" \/>\n<meta property=\"og:description\" content=\"Dr. Marcelo Dutra atua no comiss\u00e3o de avalia\u00e7\u00e3o de exames de ultrassonografia do Programa de Acredita\u00e7\u00e3o em Diagn\u00f3stico por Imagem (Padi).\" \/>\n<meta property=\"og:url\" content=\"https:\/\/padi.org.br\/en\/comissao\/dr-marcelo-dutra\/\" \/>\n<meta property=\"og:site_name\" content=\"Padi\" \/>\n<meta property=\"article:modified_time\" content=\"2025-07-10T13:38:47+00:00\" \/>\n<meta name=\"twitter:card\" content=\"summary_large_image\" \/>\n<script type=\"application\/ld+json\" class=\"yoast-schema-graph\">{\"@context\":\"https:\/\/schema.org\",\"@graph\":[{\"@type\":\"WebPage\",\"@id\":\"https:\/\/padi.org.br\/comissao\/dr-marcelo-dutra\/\",\"url\":\"https:\/\/padi.org.br\/comissao\/dr-marcelo-dutra\/\",\"name\":\"Dr. Marcelo Dutra - Padi\",\"isPartOf\":{\"@id\":\"https:\/\/padi.org.br\/#website\"},\"datePublished\":\"2025-07-10T13:37:43+00:00\",\"dateModified\":\"2025-07-10T13:38:47+00:00\",\"description\":\"Dr. Marcelo Dutra atua no comiss\u00e3o de avalia\u00e7\u00e3o de exames de ultrassonografia do Programa de Acredita\u00e7\u00e3o em Diagn\u00f3stico por Imagem (Padi).\",\"breadcrumb\":{\"@id\":\"https:\/\/padi.org.br\/comissao\/dr-marcelo-dutra\/#breadcrumb\"},\"inLanguage\":\"en-US\",\"potentialAction\":[{\"@type\":\"ReadAction\",\"target\":[\"https:\/\/padi.org.br\/comissao\/dr-marcelo-dutra\/\"]}]},{\"@type\":\"BreadcrumbList\",\"@id\":\"https:\/\/padi.org.br\/comissao\/dr-marcelo-dutra\/#breadcrumb\",\"itemListElement\":[{\"@type\":\"ListItem\",\"position\":1,\"name\":\"In\u00edcio\",\"item\":\"https:\/\/padi.org.br\/\"},{\"@type\":\"ListItem\",\"position\":2,\"name\":\"Comiss\u00e3o\",\"item\":\"https:\/\/padi.org.br\/comissao\/\"},{\"@type\":\"ListItem\",\"position\":3,\"name\":\"Dr. Marcelo Dutra\"}]},{\"@type\":\"WebSite\",\"@id\":\"https:\/\/padi.org.br\/#website\",\"url\":\"https:\/\/padi.org.br\/\",\"name\":\"Padi\",\"description\":\"\",\"potentialAction\":[{\"@type\":\"SearchAction\",\"target\":{\"@type\":\"EntryPoint\",\"urlTemplate\":\"https:\/\/padi.org.br\/?s={search_term_string}\"},\"query-input\":{\"@type\":\"PropertyValueSpecification\",\"valueRequired\":true,\"valueName\":\"search_term_string\"}}],\"inLanguage\":\"en-US\"}]}<\/script>\n<!-- \/ Yoast SEO plugin. -->","yoast_head_json":{"title":"Dr. Marcelo Dutra - Padi","description":"Dr. Marcelo Dutra atua no comiss\u00e3o de avalia\u00e7\u00e3o de exames de ultrassonografia do Programa de Acredita\u00e7\u00e3o em Diagn\u00f3stico por Imagem (Padi).","robots":{"index":"index","follow":"follow","max-snippet":"max-snippet:-1","max-image-preview":"max-image-preview:large","max-video-preview":"max-video-preview:-1"},"canonical":"https:\/\/padi.org.br\/en\/comissao\/dr-marcelo-dutra\/","og_locale":"en_US","og_type":"article","og_title":"Dr. Marcelo Dutra - Padi","og_description":"Dr. Marcelo Dutra atua no comiss\u00e3o de avalia\u00e7\u00e3o de exames de ultrassonografia do Programa de Acredita\u00e7\u00e3o em Diagn\u00f3stico por Imagem (Padi).","og_url":"https:\/\/padi.org.br\/en\/comissao\/dr-marcelo-dutra\/","og_site_name":"Padi","article_modified_time":"2025-07-10T13:38:47+00:00","twitter_card":"summary_large_image","schema":{"@context":"https:\/\/schema.org","@graph":[{"@type":"WebPage","@id":"https:\/\/padi.org.br\/comissao\/dr-marcelo-dutra\/","url":"https:\/\/padi.org.br\/comissao\/dr-marcelo-dutra\/","name":"Dr. Marcelo Dutra - Padi","isPartOf":{"@id":"https:\/\/padi.org.br\/#website"},"datePublished":"2025-07-10T13:37:43+00:00","dateModified":"2025-07-10T13:38:47+00:00","description":"Dr. Marcelo Dutra atua no comiss\u00e3o de avalia\u00e7\u00e3o de exames de ultrassonografia do Programa de Acredita\u00e7\u00e3o em Diagn\u00f3stico por Imagem (Padi).","breadcrumb":{"@id":"https:\/\/padi.org.br\/comissao\/dr-marcelo-dutra\/#breadcrumb"},"inLanguage":"en-US","potentialAction":[{"@type":"ReadAction","target":["https:\/\/padi.org.br\/comissao\/dr-marcelo-dutra\/"]}]},{"@type":"BreadcrumbList","@id":"https:\/\/padi.org.br\/comissao\/dr-marcelo-dutra\/#breadcrumb","itemListElement":[{"@type":"ListItem","position":1,"name":"In\u00edcio","item":"https:\/\/padi.org.br\/"},{"@type":"ListItem","position":2,"name":"Comiss\u00e3o","item":"https:\/\/padi.org.br\/comissao\/"},{"@type":"ListItem","position":3,"name":"Dr. Marcelo Dutra"}]},{"@type":"WebSite","@id":"https:\/\/padi.org.br\/#website","url":"https:\/\/padi.org.br\/","name":"Padi","description":"","potentialAction":[{"@type":"SearchAction","target":{"@type":"EntryPoint","urlTemplate":"https:\/\/padi.org.br\/?s={search_term_string}"},"query-input":{"@type":"PropertyValueSpecification","valueRequired":true,"valueName":"search_term_string"}}],"inLanguage":"en-US"}]}},"_links":{"self":[{"href":"https:\/\/padi.org.br\/en\/wp-json\/wp\/v2\/comissao\/3036","targetHints":{"allow":["GET"]}}],"collection":[{"href":"https:\/\/padi.org.br\/en\/wp-json\/wp\/v2\/comissao"}],"about":[{"href":"https:\/\/padi.org.br\/en\/wp-json\/wp\/v2\/types\/comissao"}],"wp:attachment":[{"href":"https:\/\/padi.org.br\/en\/wp-json\/wp\/v2\/media?parent=3036"}],"wp:term":[{"taxonomy":"especialidades","embeddable":true,"href":"https:\/\/padi.org.br\/en\/wp-json\/wp\/v2\/especialidades?post=3036"}],"curies":[{"name":"wp","href":"https:\/\/api.w.org\/{rel}","templated":true}]}}

<!-- This site is optimized with the Yoast SEO plugin v25.9 - https://yoast.com/wordpress/plugins/seo/ -->
<title>Dr. Marcelo Dutra - Padi</title>
<meta name="description" content="Dr. Marcelo Dutra atua no comissão de avaliação de exames de ultrassonografia do Programa de Acreditação em Diagnóstico por Imagem (Padi)." />
<meta name="robots" content="index, follow, max-snippet:-1, max-image-preview:large, max-video-preview:-1" />
<link rel="canonical" href="https://padi.org.br/en/comissao/dr-marcelo-dutra/" />
<meta property="og:locale" content="en_US" />
<meta property="og:type" content="article" />
<meta property="og:title" content="Dr. Marcelo Dutra - Padi" />
<meta property="og:description" content="Dr. Marcelo Dutra atua no comissão de avaliação de exames de ultrassonografia do Programa de Acreditação em Diagnóstico por Imagem (Padi)." />
<meta property="og:url" content="https://padi.org.br/en/comissao/dr-marcelo-dutra/" />
<meta property="og:site_name" content="Padi" />
<meta property="article:modified_time" content="2025-07-10T13:38:47+00:00" />
<meta name="twitter:card" content="summary_large_image" />
<script type="application/ld+json" class="yoast-schema-graph">{"@context":"https://schema.org","@graph":[{"@type":"WebPage","@id":"https://padi.org.br/comissao/dr-marcelo-dutra/","url":"https://padi.org.br/comissao/dr-marcelo-dutra/","name":"Dr. Marcelo Dutra - Padi","isPartOf":{"@id":"https://padi.org.br/#website"},"datePublished":"2025-07-10T13:37:43+00:00","dateModified":"2025-07-10T13:38:47+00:00","description":"Dr. Marcelo Dutra atua no comissão de avaliação de exames de ultrassonografia do Programa de Acreditação em Diagnóstico por Imagem (Padi).","breadcrumb":{"@id":"https://padi.org.br/comissao/dr-marcelo-dutra/#breadcrumb"},"inLanguage":"en-US","potentialAction":[{"@type":"ReadAction","target":["https://padi.org.br/comissao/dr-marcelo-dutra/"]}]},{"@type":"BreadcrumbList","@id":"https://padi.org.br/comissao/dr-marcelo-dutra/#breadcrumb","itemListElement":[{"@type":"ListItem","position":1,"name":"Início","item":"https://padi.org.br/"},{"@type":"ListItem","position":2,"name":"Comissão","item":"https://padi.org.br/comissao/"},{"@type":"ListItem","position":3,"name":"Dr. Marcelo Dutra"}]},{"@type":"WebSite","@id":"https://padi.org.br/#website","url":"https://padi.org.br/","name":"Padi","description":"","potentialAction":[{"@type":"SearchAction","target":{"@type":"EntryPoint","urlTemplate":"https://padi.org.br/?s={search_term_string}"},"query-input":{"@type":"PropertyValueSpecification","valueRequired":true,"valueName":"search_term_string"}}],"inLanguage":"en-US"}]}</script>
<!-- / Yoast SEO plugin. -->

Dr. Marcelo Dutra atua no comissão de avaliação de exames de ultrassonografia do Programa de Acreditação em Diagnóstico por Imagem (Padi).

Início

Comissão
